{"id":14606,"date":"2025-10-20T11:38:46","date_gmt":"2025-10-20T09:38:46","guid":{"rendered":"https:\/\/www.piegeareves.fr\/studio\/produit\/sweat-a-capuche-mix-on-fuck-off-2\/"},"modified":"2025-10-20T13:47:33","modified_gmt":"2025-10-20T11:47:33","slug":"sweat-a-capuche-mix-on-fuck-off-2","status":"publish","type":"product","link":"https:\/\/www.piegeareves.fr\/studio\/produit\/sweat-a-capuche-mix-on-fuck-off-2\/","title":{"rendered":"Sweat \u00e0 capuche &#8211; Mix On \/ Fuck Off"},"content":{"rendered":"<p>Disponible du S au 3XL<br \/>\n&#8211; 85% coton biologique peign\u00e9, 15% polyester recycl\u00e9 post-consumer &#8211; Sweat l\u00e9ger (280 g\/m2)<br \/>\n&#8211; Coupe droite<\/p>\n","protected":false},"excerpt":{"rendered":"<p>Disponible du S au 3XL &#8211; 85% coton biologique peign\u00e9, 15% polyester recycl\u00e9 post-consumer &#8211; Sweat l\u00e9ger (280 g\/m2) &#8211; Coupe droite<\/p>\n","protected":false},"featured_media":14600,"comment_status":"open","ping_status":"closed","template":"","meta":{"neve_meta_sidebar":"","neve_meta_container":"","neve_meta_enable_content_width":"off","neve_meta_content_width":100,"neve_meta_title_alignment":"","neve_meta_author_avatar":"","neve_post_elements_order":"","neve_meta_disable_header":"","neve_meta_disable_footer":"","neve_meta_disable_title":"","_themeisle_gutenberg_block_has_review":false},"product_brand":[],"product_cat":[223],"product_tag":[],"class_list":{"0":"post-14606","1":"product","2":"type-product","3":"status-publish","4":"has-post-thumbnail","6":"product_cat-textiles","8":"first","9":"instock","10":"shipping-taxable","11":"purchasable","12":"product-type-variable","13":"has-default-attributes"},"_links":{"self":[{"href":"https:\/\/www.piegeareves.fr\/studio\/wp-json\/wp\/v2\/product\/14606","targetHints":{"allow":["GET"]}}],"collection":[{"href":"https:\/\/www.piegeareves.fr\/studio\/wp-json\/wp\/v2\/product"}],"about":[{"href":"https:\/\/www.piegeareves.fr\/studio\/wp-json\/wp\/v2\/types\/product"}],"replies":[{"embeddable":true,"href":"https:\/\/www.piegeareves.fr\/studio\/wp-json\/wp\/v2\/comments?post=14606"}],"wp:featuredmedia":[{"embeddable":true,"href":"https:\/\/www.piegeareves.fr\/studio\/wp-json\/wp\/v2\/media\/14600"}],"wp:attachment":[{"href":"https:\/\/www.piegeareves.fr\/studio\/wp-json\/wp\/v2\/media?parent=14606"}],"wp:term":[{"taxonomy":"product_brand","embeddable":true,"href":"https:\/\/www.piegeareves.fr\/studio\/wp-json\/wp\/v2\/product_brand?post=14606"},{"taxonomy":"product_cat","embeddable":true,"href":"https:\/\/www.piegeareves.fr\/studio\/wp-json\/wp\/v2\/product_cat?post=14606"},{"taxonomy":"product_tag","embeddable":true,"href":"https:\/\/www.piegeareves.fr\/studio\/wp-json\/wp\/v2\/product_tag?post=14606"}],"curies":[{"name":"wp","href":"https:\/\/api.w.org\/{rel}","templated":true}]}}